the highest common divisor of g and 49?
49
Suppose 183*t - 238 = 176*t. Let r = -4 - -5. Let j = r + t. Calculate the greatest common factor of j and 7.
7
Let c be (-216)/40*-5 + 7 + 2. Suppose 469 = 5*r + 3*f - 986, -4*r + 5*f + 1127 = 0. What is the highest common factor of c and r?
36
Suppose 2*n - 15 = -q, 7 = -4*n + 5*q + 2. Suppose n*g - 4*i - 336 = 0, -6*g - 133 = -8*g + 3*i. Calculate the highest common factor of 51 and g.
17
Let w(t) = -332*t + 1051. Let s be w(-4). Calculate the greatest common factor of s and 3.
3
Let h be 2*(-2)/4 - -22. Let q(l) = -51860*l + 27. Let o be q(-6). Let y be o/2115 - ((-8)/(-30))/2. Calculate the greatest common divisor of h and y.
21
Let j be (24/14)/((-6)/(-21)). Let t be 2*(j - -2) + 0. Calculate the highest common factor of t and 32.
16
Let h = 10506 + -5312. Calculate the greatest common factor of 212 and h.
106
Let s(g) be the first derivative of -11*g**2 - 76*g - 65. Let p be s(-4). What is the greatest common divisor of p and 156?
12
Let b(n) = 7*n**2 - 19*n + 39. Suppose 29*g = 90 - 3. Let x be b(g). Calculate the highest common factor of 30 and x.
15
Let f = 80 + -152. Let u be (-78)/(-8) + f/96. Calculate the highest common divisor of 1 and u.
1
Let s = -8792 - -9352. Calculate the greatest common divisor of 320 and s.
80
Let k(t) = 8*t**2 + 4*t - 7. Let u be k(-7). Let i be (15 - 41) + 30 + 17. Calculate the greatest common divisor of i and u.
21
Let d(o) = -o**3 - 18*o**2 - 64*o + 14. Let h be d(-13). Let k be ((0 - -19) + 32/(-16))*h. What is the highest common divisor of 782 and k?
17
Suppose 2*z = 4*z + 408. Let y = z - -249. Calculate the greatest common factor of y and 20.
5
Suppose -3*t = 4*h - 14, 5*t + 6*h = 8*h + 58. Suppose t*y - 100 = 8*y. What is the greatest common factor of y and 20?
10
Let k = -94 + 93. Let n be (k/(-4))/(23/92) - -5. Let r be (-42)/(-5) - 6/15. Calculate the highest common divisor of r and n.
2
Let d be 9/(-4) - 65550/(-120). What is the greatest common factor of 64 and d?
32
Let f(l) = -4*l**2 + 3*l - 28. Let m be f(8). Let d = m - -524. Calculate the greatest common factor of d and 24.
24
Let b(t) be the second derivative of 10*t**3/3 - 11*t**2 + 55*t. Let u be b(5). What is the greatest common divisor of u and 6?
6
Suppose 31*c - 15 = -2*s + 34*c, -2*c - 6 = 0. Suppose 5*n = -10, -s*w - 2*w = -2*n - 64. Calculate the greatest common factor of 12 and w.
12
Let t(v) = 4*v**3 + v - 1. Let y be t(2). Let j be (2/2 + 1)*2. Suppose -2*n = -j*k + 78, n + 34 = 4*k - 49. What is the greatest common divisor of k and y?
11
Let q = -8255 - -8283. Let p(x) = 13*x + 1. Let o be p(-2). Let i = o + q. What is the greatest common divisor of 5 and i?
1
Suppose j + 3*z + 91 = 0, -3*j - 4*z + 5*z = 293. Let a = j + 205. Suppose -g + 36 = 2*g. What is the highest common divisor of a and g?
12
Let k be (9 + -11)*(-3)/(6/29). What is the highest common divisor of 13 and k?
1
Let f(u) = 5*u**3 - 2*u**2 + 2. Let q = -95 + 96. Let t be f(q). Suppose -t*r + 9 = -1. Calculate the greatest common divisor of r and 7.
1
Suppose 3*n - 33*n + 141039 = -153891. Calculate the highest common divisor of 1017 and n.
339
Let x = 13 - 45. Let z = x + 141. Suppose -5*a = -5*k - z - 166, -2*k + 282 = 5*a. Calculate the highest common divisor of a and 7.
7
Let k be 3 + 63/36*12. Let c = -54 + 402. What is the greatest common divisor of c and k?
12
Let w = 367 - 362. Suppose q + x - 51 = 0, 2*q = -w*x + 9*x + 132. What is the greatest common divisor of 56 and q?
56
Suppose 5*o = 9*o - 2*u + 6, -4*u = 5*o - 12. Suppose 8*q - 6*q - 5*v = 263, o = 3*q + v - 437. What is the greatest common divisor of q and 12?
12
Let l be (2 + (-28)/10)*-30. Let y = -22611 + 36075. Let j be (y/(-510))/(2/(-20)*1). What is the highest common factor of l and j?
24
Let g be (6/(-9))/((-8)/396). Suppose 0 = -3*w + g + 24. Let b(l) = 433*l - 357. Let z be b(1). Calculate the highest common factor of w and z.
19
Let h be (-152)/19 + 58/(-4)*(-12 - 50). Calculate the highest common factor of 44 and h.
11
Let o(i) = -10*i - 25. Let z be o(-4). Calculate the greatest common divisor of z and 6415.
5
Let t = -3093 - -3136. What is the highest common factor of 37 and t?
1
Suppose 8 = -9*a - 10. Let r(x) = -12*x - 4. Let y be r(a). Let d be 142/2 + 451/(-41). What is the greatest common factor of d and y?
20
Let h be -2*60*(-2)/3. Suppose -2*q - 81*o + 38 = -76*o, 0 = -3*q + 2*o + 76. Calculate the greatest common factor of q and h.
8
Suppose 20*f - 270 = 26*f. Let m = 185 - 110. Let s be (-16599)/f - (-10)/m. Calculate the highest common divisor of s and 41.
41
Suppose 5*i = -2*z + 10*i + 108, z - 5*i = 64. Calculate the highest common divisor of z and 7711.
11
Suppose 0 = -18*l - 87278 + 186728. Calculate the greatest common divisor of l and 13.
13
Let l = -33 + 239. Suppose 4*z - 5*s = 1521, 4*s - l + 600 = z. What is the highest common factor of z and 44?
22
Suppose -h - 11 = -2*w, 3*w - 14 = h - 0*h. Calculate the highest common factor of w and 1527.
3
Let k be 2/12 + 18/(2052/104519). Calculate the highest common factor of k and 49.
7
Let q(c) = -783*c**3 - c**2 - 8*c + 3. Let n(k) = k - 2. Let r(j) = 3*n(j) + q(j). Let i be r(-1). Calculate the greatest common factor of i and 49.
49
Suppose 0 = 4*d + s - 696, 6*d - 2*d - 696 = -3*s. Calculate the greatest common divisor of 1711 and d.
29
Let y(t) = 87*t - 113. Let z be y(-6). Let j = -565 - z. Calculate the highest common divisor of 175 and j.
35
Let p(c) be the second derivative of 10*c - 1/2*c**2 + 0 + 1/6*c**4 + 2/3*c**3. Let v be p(-3). Calculate the highest common factor of v and 20.
5
Let k = 4757 - 4628. What is the greatest common factor of 473 and k?
43
Suppose -2*w + 2*m = -m - 43, 2*w - 46 = 4*m. Suppose -40 = 4*u + 20. Let a = w + u. What is the greatest common divisor of 8 and a?
2
Suppose -n = -9 - 1. Suppose 15 = o + 2*o - 3*d, 25 = 5*o - 3*d. Suppose q + 13 = o*q + 3*c, -3*q - 2*c + n = 0. What is the highest common factor of q and 12?
4
Suppose 158 = 17*n - 80. Suppose -r - 295 = -4*j, 286 = -4*j + 8*j + 2*r. Suppose -j = -p + 25. What is the highest common divisor of p and n?
14
Let t be 3 + 20/24 + (-5)/(-30). Let n(k) = 5*k**2 + 15*k - 50. Let h be n(t). What is the greatest common divisor of 36 and h?
18
Suppose 1131*p = 1129*p + 96. Let u(o) = 3*o - 4*o**2 + 5*o + 9 + 3*o**2. Let y be u(5). Calculate the greatest common divisor of p and y.
24
Suppose 6 = -3*w, m - 2*m = 3*w + 4. Suppose -h - m - 4 = 0. Let g = h + 12. Calculate the highest common factor of 18 and g.
6
Let n(j) = 1650*j**3 + 3*j**2 - 15*j + 13. Let t be n(1). Calculate the highest common divisor of t and 26.
13
Let n be (360/(-60) - (-1 - (2 + 0))) + 4517. What is the highest common factor of n and 74?
74
Suppose 6*b + 113 + 1189 = 0. Let f = b + 253. What is the highest common divisor of f and 8?
4
Let k(o) = -2*o**3 - 19*o**2 + 8*o - 18. Let i be k(-10). Let z be (60/(-18) + 4)/((-3)/(-99)). Calculate the highest common factor of i and z.
2
Let j(x) = 45*x. Let q = 9 - 8. Let r be 4/(8/(q - -3)). Let f be j(r). What is the highest common factor of 30 and f?
30
Suppose 17208 = -84*t + 76344. Calculate the greatest common factor of 968 and t.
88
Suppose t + 0 = -x - 22, 3*x - 5*t = -50. Let f be (2 + 28/x)/(2/10). Calculate the highest common divisor of 33 and f.
3
Let g = 1316 + 7330. What is the highest common factor of 66 and g?
66
Let h = 5936 + -4186. Calculate the greatest common factor of 280 and h.
70
Let w(h) = h**3 + 22*h**2 + 22*h + 25. Let j be w(-21). Suppose 0 = -4*z + 2*d + 1086, -j*z + 785 = 5*d - 308. Calculate the highest common divisor of 17 and z.
17
Let k(x) = -x**2 - 3*x + 3. Let m be k(-3). Calculate the highest common factor of m and 8.
1
Suppose -5*s - 2*y = -92, y - 14 = -6*s + 95. What is the highest common factor of 6174 and s?
18
Suppose -2*v = -20 - 18. Let s(o) = 11*o**2 - 5*o - 44. Let b = -20 + 16. Let w be s(b). Calculate the greatest common divisor of v and w.
19
Let h(n) = -2*n**3 - 137*n**2 + 110*n + 76. Let k be h(-70). What is the greatest common divisor of 1952 and k?
244
Suppose 0 = -4*h, -5*h = 22*r - 20*r - 192. What is the greatest common divisor of 15 and r?
3
Suppose -2*y = -4*j - 8 - 12, 0 = -y + 5*j + 10. Suppose -r = 5*t - 153, 3*r 